- 4, 5*o - 17 = -2*k. What is the units digit of (k + 63)/b - 3?
9
Let y be -1 - -5 - (3 - 1). Let l(m) = -5*m + 1 + 2*m**2 + 6 - y. What is the units digit of l(3)?
8
Suppose 15 = 21*l - 48. What is the units digit of l?
3
Suppose -4*c - 106 = -2*z - 0*z, 4*z = -2*c - 58. Let u be ((-2 - 0)*1 - -1) + -80. Let y = c - u. What is the units digit of y?
4
Let b(i) = i + 5. Let t be b(-4). Let w be (-5)/(-5) + 2/t. Suppose 0*r - 29 = -w*q - 5*r, q - 5 = -4*r. What is the units digit of q?
3
Let j(y) = 15*y**2 - y + 1. Let k(w) = w**2 + 12*w + 1. Let m = 16 - 28. Let g be k(m). What is the units digit of j(g)?
5
Let j be (-2)/((-4)/(-38)) + 0. Let h = j + 24. Suppose -h*v + 3*n = -291, 4*v + 3*n - 222 = -0*n. What is the tens digit of v?
5
Let q be (18/10)/((-2)/(-10)). Let y be (10/(-6))/(3/q). What is the units digit of (-24 - y)*(-1 - 0)?
9
Suppose -2*o - 103 - 1267 = -2*x, -x - 5 = 0. What is the hundreds digit of 0 + 0 - o/6?
1
Let r be 6/(-9) + 4/6. Suppose r*x = 2*x - 70. Suppose -h = -6*h - g + x, 3*g = 2*h - 31. What is the units digit of h?
8
Let o = -1211 + 1699. What is the hundreds digit of o?
4
Suppose -56*t - 3088 = -64*t. What is the hundreds digit of t?
3
Let u(p) = -34*p - 178. What is the hundreds digit of u(-16)?
3
Suppose 2*r - 57 - 63 = 0. Suppose 0 = -h - 3*h + r. What is the tens digit of h?
1
Let c = -20 - -25. Suppose -5*i + 0*d = 4*d - 8, -2*i - c*d = 7. Suppose 12 = f - 5*v - 30, i*f - 168 = 4*v. What is the units digit of f?
2
Let l be (-8)/(-6)*(-18)/(-12). Suppose d = -2*v - 3 + 4, -v + l = -d. Let w(h) = 12*h**2 + 2*h - 1. What is the units digit of w(v)?
3
Let z = -27 - -29. Suppose -7*m + z*m + 365 = 4*p, 4*p = 4*m - 256. Let h = -49 + m. What is the units digit of h?
0
Suppose -4*d = -4*i, 2*i + 3*d = -i + 24. Suppose i*m + 5 = 13. Suppose -3 = 3*s + r - 53, 2*s - m*r - 20 = 0. What is the units digit of s?
5
Suppose -4*p + 2*m + 92 = -2*m, -5*m = -10. Let b = -18 + p. What is the units digit of b?
7
Let y(l) be the third derivative of -l**6/60 - l**5/10 + l**4/12 + 13*l**3/6 - 20*l**2. What is the tens digit of y(-5)?
0
Suppose -5*o + 6*u - 2*u = -21, -2*u - 13 = -3*o. Let s be 2/6 + (-10)/(-6). Suppose -2*g = -3*t + 88, 0*t + o*t - 144 = s*g. What is the tens digit of t?
2
Let v(r) = r**3 + r**2 - r + 2. Let n be v(-2). Suppose 5*h + 2*q = 141, -3*h + 78 = -n*h - q. What is the units digit of h?
7
Let q be (-2 + 6)*1*4/(-8). What is the units digit of (q*47)/(-3 - (-3 + 2))?
7
Suppose 0 = 2*a + 3*b - 6*b - 13, 7 = -a - 3*b. Suppose a*c - 6*c + 228 = 0. What is the units digit of c?
7
Let l = 16 + -12. Let h(f) = -f**3 + 6*f**2 - 5*f - 2. Let j be h(l). Suppose n - j - 2 = 0. What is the units digit of n?
2
Suppose 4*p - 34 = p + 4*q, 0 = 3*q + 3. Let s = -9 + p. What is the units digit of 18 + (-1 - 1/s)?
6
Let w = 131 - 120. Suppose 3*b = b - 5*n + 24, 3*b = 5*n + w. What is the units digit of b?
7
Let v be (2 - -4)*3/6. Suppose l = v*k + 2, 4 = -3*l - 2*k + 32. What is the units digit of (-2)/(-2 + 12/l)?
4
Let u(y) = 5 + 3 + 28*y + 2*y**2 - 8*y**2 - 20*y - y**3. Let c be u(-6). What is the units digit of (-272)/c*(-2 - -7)?
4
Let l(w) = w + 99. What is the tens digit of l(-10)?
8
Let n = -7 + 11. Let m(b) = b - 1. Let r be m(n). Suppose -t + 4*d = -30, 0*d + 160 = r*t + 2*d. What is the units digit of t?
0
Let t = 19 - 13. Let s = -2 + t. What is the units digit of 855/20 - (-1)/s?
3
Let r = 54 - 29. Let v = -8 + r. What is the tens digit of v?
1
Suppose 3*g - 205 = 122. What is the hundreds digit of g?
1
Suppose 2*m - 275 = -p, 3*p - 809 = 16*m - 14*m. What is the units digit of p?
1
Let o(v) = -85*v**3 - v**2. Let h be o(-1). Suppose 4*l = -y + 60, -l + 5*y + h = 3*l. Let t = 39 - l. What is the tens digit of t?
2
Let z(b) = 5*b**3 - 55*b**2 + 2*b + 21. Let t(a) = -2*a**3 + 27*a**2 - a - 10. Let o(v) = 7*t(v) + 3*z(v). What is the tens digit of o(-24)?
1
Suppose 1272 = 4*w - 1180. What is the hundreds digit of w?
6
Let z = 263 - -333. What is the tens digit of z?
9
Let n(q) = -618*q + 49. What is the tens digit of n(-2)?
8
Suppose -3*g - t = -g + 73, 3*t + 111 = -3*g. Let f = g - -44. What is the units digit of f?
8
Let d(m) be the second derivative of 455*m**4/6 + m**3/3 - m. Let w be d(-1). What is the units digit of (-6)/45 + w/60?
5
Suppose 4*o - 3*o + 205 = 0. Let r = o - -105. What is the units digit of r/(-45) - (-4)/(-18)?
2
What is the hundreds digit of -6 + 380/65 + (-129798)/(-39)?
3
Let g(k) = 37*k - 53. What is the hundreds digit of g(18)?
6
Let p(q) = -2*q**2 + 103*q + 328. What is the units digit of p(50)?
8
Let d = -27 - -1107. Let z be (-3)/(-2) - d/16. Let i = -44 - z. What is the tens digit of i?
2
Let p be 4/(-34) - (-530)/170. Suppose -2*s - p*s = -235. What is the tens digit of s?
4
Let t(l) = -l**3 - 5*l**2 + 9*l + 9. Let c be t(-6). Let d be 4*(c/6 + 3). Suppose -m = -d*m + 150. What is the units digit of m?
0
Let j(w) = w**2 + 3. Let u be j(0). Let l(a) = -2*a**2 - 8*a + 5. Let v be l(-4). Let g = v + u. What is the units digit of g?
8
Suppose -5*g + 0 = -5. Let p(l) = -g - 4*l - 3 + 0*l**2 + 5*l + l**2. What is the units digit of p(-4)?
8
Let y(r) = -26*r - 16. Let o be y(-8). Suppose 2*s = -5*c + o, c - 30 = -5*s + 13. Suppose -d - 3 = -c. What is the tens digit of d?
3
Let x(d) = -d**3 + 10*d**2 + 11*d + 11. Let n be x(11). Let j = n - 8. What is the tens digit of (-126)/(-3) + 3/j?
4
Suppose 0 = -2*t - 48 + 480. What is the tens digit of t?
1
Let k(n) = 14*n**2 + 7*n + 27. What is the units digit of k(-6)?
9
Suppose -94 = -5*m + 3*m. Let k = m - 33. What is the tens digit of k?
1
Let f = -102 - -148. Suppose -9*v + 11*v - f = 0. Suppose v = -o + 36. What is the tens digit of o?
1
Let k be (1/3 - 4452/(-9))*1. What is the tens digit of (2/(10/k))/1?
9
Let m be ((-6)/9)/((-8)/(-36)). Let n be (-8)/12*m - -159. Suppose -2*j - 74 = -2*v, 53 - n = -3*v + 2*j. What is the tens digit of v?
3
Let c(r) = 19*r - 4. Let u be c(2). Let z = u - -49. What is the tens digit of z?
8
Let o = -53 + 59. What is the hundreds digit of (0 - 18)*(-2 - o)?
1
Let p = 4 - 8. Let f(v) = -16 + 10 + 5*v + 5 + 3 - v**3 - 2*v**2. What is the tens digit of f(p)?
1
What is the tens digit of 2 - (-8)/((-8)/(-2089))?
9
Suppose -2*a + 106 = k + k, 4*a = 2*k + 200. Let n = -35 + a. What is the tens digit of n?
1
What is the hundreds digit of 707154/210 - (-2)/(-5)?
3
Let i(k) = -79*k + 124. What is the tens digit of i(-11)?
9
Let z be ((-156)/(-91))/(2/(-14)). Let t be (-7)/((-33)/z + -3). Let n = t - -12. What is the units digit of n?
0
Let j = -3149 - -5632. What is the units digit of j?
3
Let t be (4 - (2 - -4))*(-74)/4. Let u = -16 + 44. Suppose -c + u = -t. What is the units digit of c?
5
Let j = 136 - 26. Suppose 3*g + 4*k - 42 = k, -5*k - j = -5*g. Let d = -3 + g. What is the units digit of d?
5
Suppose -13*z + 429 + 5590 = 0. What is the tens digit of z?
6
Suppose -2*j + 15 = 3*j. Suppose 0 = k - j*q - 155, 0 = k - 0*q + q - 167. Let l = -117 + k. What is the units digit of l?
7
What is the units digit of (763/4)/(3*2/48)?
6
Let q = -82 + 1440. What is the units digit of q?
8
Suppose -31509 = -11*q + 8223. What is the hundreds digit of q?
6
Let z = 29 + -23. Suppose 3*h = z*h - 6. Suppose 88 = h*u + 16. What is the units digit of u?
6
Suppose -554*j = -546*j - 10344. What is the thousands digit of j?
1
Let q = -21 - -17. Let x be -11*4/(q*1). Let f = -3 + x. What is the units digit of f?
8
Suppose -10*c + 24726 = 16*c. What is the units digit of c?
1
Let r(l) be the second derivative of -19*l**5/2 + l**4/12 + l**3/3 + l**2 - 20*l. What is the units digit of r(-1)?
1
Suppose -5*c + 2*q + 210 = 0, -c = -q - 33 - 12. What is the units digit of c/50 - 266/(-5)?
4
Suppose 1884 = n + 3*n. Let x = n - 226. What is the units digit of x?
5
Let c(a) = 4*a**2 + 7*a - 1. Let q(l) = -l**2 - l + 1. Let b be q(-3). What is the units digit of c(b)?
4
What is the units digit of (0 - (-90)/12)/(24/64)?
0
Suppose -6*p + 798 = -4*p. Let y = -110 + p. What is the hundreds digit of y?
2
What is the hundreds digit of (6 - (-6 - -6)) + 702?
7
Suppose 276 = 2*n + 2*o, 5*o + 97 = 4*n - 473. What is the tens digit of n?
4
Let f = -14 + 12. Let i be 8*(f - 36/(-8)). Suppose i*l - 195 = 15*l. What is the tens digit of l?
3
Suppose